{"id":30,"date":"2022-05-11T13:48:47","date_gmt":"2022-05-11T11:48:47","guid":{"rendered":"https:\/\/dev.syctom-gien-chateauneuf.fr\/?page_id=30"},"modified":"2022-08-03T10:42:17","modified_gmt":"2022-08-03T08:42:17","slug":"isbn-de-braye-saint-aignant","status":"publish","type":"page","link":"https:\/\/dev.syctom-gien-chateauneuf.fr\/?page_id=30","title":{"rendered":"ISDND de Bray-saint Aignan"},"content":{"rendered":"\n<h2 class=\"has-text-align-center has-vivid-cyan-blue-color has-text-color wp-block-heading\">l\u2019installation de stockage des d\u00e9chets non dangereux de Bray-St Aignan<\/h2>\n\n\n\n<div style=\"height:35px\" aria-hidden=\"true\" class=\"wp-block-spacer\"><\/div>\n\n\n\n<div class=\"wp-block-columns is-layout-flex wp-container-core-columns-is-layout-9d6595d7 wp-block-columns-is-layout-flex\">\n<div class=\"wp-block-column is-layout-flow wp-block-column-is-layout-flow\"><div class=\"wp-block-image\">\n<figure class=\"aligncenter size-full\"><img loading=\"lazy\" decoding=\"async\" width=\"307\" height=\"345\" src=\"https:\/\/dev.syctom-gien-chateauneuf.fr\/wp-content\/uploads\/2022\/06\/Image4.png\" alt=\"\" class=\"wp-image-539\" srcset=\"https:\/\/dev.syctom-gien-chateauneuf.fr\/wp-content\/uploads\/2022\/06\/Image4.png 307w, https:\/\/dev.syctom-gien-chateauneuf.fr\/wp-content\/uploads\/2022\/06\/Image4-267x300.png 267w\" sizes=\"auto, (max-width: 307px) 100vw, 307px\" \/><\/figure>\n<\/div><\/div>\n\n\n\n<div class=\"wp-block-column is-layout-flow wp-block-column-is-layout-flow\">\n<p><strong>Infos pratiques<\/strong><\/p>\n\n\n\n<p>Adresse&nbsp;: Lieu-dit La Plaine<\/p>\n\n\n\n<p>45460 Bray-St Aignan<\/p>\n\n\n\n<p>Exploitant\u00a0: TERRALIA<\/p>\n<\/div>\n<\/div>\n\n\n\n<p>Les d\u00e9chets encombrants non valorisables et non recyclables collect\u00e9s sur les d\u00e9chetteries du <strong>SICTOM de Ch\u00e2teauneuf sur Loire<\/strong> et du <strong>SMICTOM du Giennois<\/strong> sont trait\u00e9s par enfouissement \u00e0 l\u2019installation de stockage de d\u00e9chets non dangereux de Bray-St Aignan.<\/p>\n\n\n\n<p>Cette installation permet de stocker les d\u00e9chets ultimes dans des casiers rendu totalement \u00e9tanches par la superposition de diff\u00e9rents mat\u00e9riaux dont une couche de PVC thermo soud\u00e9. Cette \u00e9tanch\u00e9it\u00e9 est renforc\u00e9e par une protection passive compos\u00e9e d\u2019un m\u00e8tre d\u2019argile sur le fond et une partie des c\u00f4t\u00e9s des casiers.<\/p>\n\n\n\n<p>Les jus qui proviennent de d\u00e9chets, et que l\u2019on appelle des lixiviats, sont r\u00e9cup\u00e9r\u00e9s et stock\u00e9s dans un bassin puis analys\u00e9s et trait\u00e9s directement sur le site ou transport\u00e9s jusqu\u2019\u00e0 une station d\u2019\u00e9puration.<\/p>\n\n\n\n<p>Lorsqu\u2019un casier est enti\u00e8rement combl\u00e9, il est recouvert d\u2019un am\u00e9nagement \u00e9tanche puis de terres v\u00e9g\u00e9tales.<\/p>\n\n\n\n<p><strong>Quelques chiffres<\/strong><\/p>\n\n\n\n<ul class=\"wp-block-list\"><li>Superficie du site\u00a0: 26 hectares<\/li><li>Capacit\u00e9 annuelle\u00a0: 30\u00a0000 tonnes<\/li><li>Tonnages trait\u00e9s en 2020\u00a0: 21\u00a0253 tonnes dont 12\u00a0462 tonnes de d\u00e9chets publics (encombrants) et 8\u00a0791 tonnes de d\u00e9chets priv\u00e9s (d\u00e9chets industriels)<\/li><li>Tonnages trait\u00e9s en 2021\u00a0: 19 896 tonnes dont 13 664 tonnes de d\u00e9chets publics (encombrants) et 6 232 tonnes de d\u00e9chets priv\u00e9s (d\u00e9chets industriels)<\/li><\/ul>\n\n\n\n<p>Parall\u00e8lement \u00e0 l\u2019exploitation su site, des travaux de r\u00e9am\u00e9nagement des anciens casiers \u00ab\u00a0historiques\u00a0\u00bb ont \u00e9t\u00e9 engag\u00e9s afin de r\u00e9pondre \u00e0 la r\u00e9glementation plus contraignante qu\u2019auparavant et de ma\u00eetriser l\u2019impact sur l\u2019environnement. Ces travaux consistent en un d\u00e9capage de la terre v\u00e9g\u00e9tale, de la pose d\u2019un syst\u00e8me d\u2019\u00e9tanch\u00e9it\u00e9 par g\u00e9omembrane, puis de la mise en place d\u2019une nouvelle couche de terres v\u00e9g\u00e9tales avant une re-v\u00e9g\u00e9talisation du site.<\/p>\n","protected":false},"excerpt":{"rendered":"<p>l\u2019installation de stockage des d\u00e9chets non dangereux de Bray-St Aignan Infos pratiques Adresse&nbsp;: Lieu-dit La Plaine 45460 Bray-St Aignan Exploitant\u00a0: TERRALIA Les d\u00e9chets encombrants non valorisables et non recyclables collect\u00e9s sur les d\u00e9chetteries du SICTOM de Ch\u00e2teauneuf sur Loire et du SMICTOM du Giennois sont trait\u00e9s par enfouissement \u00e0 l\u2019installation&#8230;<\/p>\n","protected":false},"author":2,"featured_media":0,"parent":0,"menu_order":0,"comment_status":"closed","ping_status":"closed","template":"","meta":{"footnotes":""},"class_list":["post-30","page","type-page","status-publish","hentry"],"_links":{"self":[{"href":"https:\/\/dev.syctom-gien-chateauneuf.fr\/index.php?rest_route=\/wp\/v2\/pages\/30","targetHints":{"allow":["GET"]}}],"collection":[{"href":"https:\/\/dev.syctom-gien-chateauneuf.fr\/index.php?rest_route=\/wp\/v2\/pages"}],"about":[{"href":"https:\/\/dev.syctom-gien-chateauneuf.fr\/index.php?rest_route=\/wp\/v2\/types\/page"}],"author":[{"embeddable":true,"href":"https:\/\/dev.syctom-gien-chateauneuf.fr\/index.php?rest_route=\/wp\/v2\/users\/2"}],"replies":[{"embeddable":true,"href":"https:\/\/dev.syctom-gien-chateauneuf.fr\/index.php?rest_route=%2Fwp%2Fv2%2Fcomments&post=30"}],"version-history":[{"count":31,"href":"https:\/\/dev.syctom-gien-chateauneuf.fr\/index.php?rest_route=\/wp\/v2\/pages\/30\/revisions"}],"predecessor-version":[{"id":1495,"href":"https:\/\/dev.syctom-gien-chateauneuf.fr\/index.php?rest_route=\/wp\/v2\/pages\/30\/revisions\/1495"}],"wp:attachment":[{"href":"https:\/\/dev.syctom-gien-chateauneuf.fr\/index.php?rest_route=%2Fwp%2Fv2%2Fmedia&parent=30"}],"curies":[{"name":"wp","href":"https:\/\/api.w.org\/{rel}","templated":true}]}}