{"id":39,"date":"2022-05-11T14:18:46","date_gmt":"2022-05-11T12:18:46","guid":{"rendered":"https:\/\/dev.syctom-gien-chateauneuf.fr\/?page_id=39"},"modified":"2022-08-02T11:52:51","modified_gmt":"2022-08-02T09:52:51","slug":"exploitation","status":"publish","type":"page","link":"https:\/\/dev.syctom-gien-chateauneuf.fr\/?page_id=39","title":{"rendered":"Le site du Centre de Valorisation \u00c9nerg\u00e9tique d\u2019Arrabloy"},"content":{"rendered":"\n<h2 class=\"has-text-align-center has-vivid-cyan-blue-color has-text-color wp-block-heading\">\u00abValoriser les d\u00e9chets du territoire\u00bb<\/h2>\n\n\n\n<div style=\"height:65px\" aria-hidden=\"true\" class=\"wp-block-spacer\"><\/div>\n\n\n\n<div class=\"wp-block-columns is-layout-flex wp-container-core-columns-is-layout-9d6595d7 wp-block-columns-is-layout-flex\">\n<div class=\"wp-block-column is-vertically-aligned-top is-layout-flow wp-block-column-is-layout-flow\"><div class=\"wp-block-image\">\n<figure class=\"aligncenter\"><img decoding=\"async\" src=\"https:\/\/dev.syctom-gien-chateauneuf.fr\/wp-content\/uploads\/2022\/06\/Image1.png\" alt=\"\"\/><\/figure>\n<\/div><\/div>\n\n\n\n<div class=\"wp-block-column is-layout-flow wp-block-column-is-layout-flow\">\n<h4 class=\"wp-block-heading\"><strong>Infos pratiques<\/strong><\/h4>\n\n\n\n<h4 class=\"wp-block-heading\">Adresse&nbsp;: Lieu-dit les G\u00e2tines<\/h4>\n\n\n\n<h4 class=\"wp-block-heading\">45500 Arrabloy<\/h4>\n\n\n\n<h4 class=\"wp-block-heading\">Exploitant&nbsp;: Groupe PAPREC<\/h4>\n\n\n\n<figure class=\"wp-block-image size-full\"><img loading=\"lazy\" decoding=\"async\" width=\"602\" height=\"138\" src=\"https:\/\/dev.syctom-gien-chateauneuf.fr\/wp-content\/uploads\/2022\/05\/paprec-1.png\" alt=\"\" class=\"wp-image-127\" srcset=\"https:\/\/dev.syctom-gien-chateauneuf.fr\/wp-content\/uploads\/2022\/05\/paprec-1.png 602w, https:\/\/dev.syctom-gien-chateauneuf.fr\/wp-content\/uploads\/2022\/05\/paprec-1-300x69.png 300w\" sizes=\"auto, (max-width: 602px) 100vw, 602px\" \/><\/figure>\n<\/div>\n<\/div>\n\n\n<p>Le centre d\u2019incin\u00e9ration avec valorisation \u00e9nerg\u00e9tique d\u2019Arrabloy r\u00e9ceptionne depuis 1999 les d\u00e9chets m\u00e9nagers r\u00e9siduels des 104 communes adh\u00e9rentes du SYCTOM.<\/p>\n<p><!-- \/wp:post-content --><!-- wp:paragraph --><\/p>\n<p>La chaleur g\u00e9n\u00e9r\u00e9e par la combustion des d\u00e9chets permet de produire de l\u2019\u00e9lectricit\u00e9 utilis\u00e9e pour le fonctionnement du centre et dont le surplus est vendu au r\u00e9seau public.<\/p>\n<p><!-- \/wp:paragraph --><!-- wp:paragraph --><\/p>\n<p>Apr\u00e8s 20 ans de fonctionnement, le SYCTOM de Gien et Ch\u00e2teauneuf sur Loire a d\u00e9cid\u00e9 d\u2019optimiser la performance \u00e9nerg\u00e9tique de son site.<\/p>\n<p><!-- \/wp:paragraph --><!-- wp:paragraph --><\/p>\n<p>Pour y parvenir, il a \u00e9t\u00e9 d\u00e9cid\u00e9 la r\u00e9novation de l\u2019ensemble des installations du site d\u2019Arrabloy. Ces travaux concernent plus pr\u00e9cis\u00e9ment l\u2019installation d\u2019un four oscillant en remplacement de l\u2019\u00e9quipement vieillissant actuel.<\/p>\n<p><!-- \/wp:paragraph --><!-- wp:paragraph --><\/p>\n<p>A ces travaux vient s\u2019ajouter la construction d\u2019un r\u00e9seau de chaleur reli\u00e9 \u00e0 l\u2019industriel Essity de Gien. L\u2019\u00e9nergie des d\u00e9chets, capt\u00e9e \u00e0 la sortie du four par une chaudi\u00e8re de r\u00e9cup\u00e9ration, sera transport\u00e9e sous forme de vapeur d\u2019eau via un r\u00e9seau de canalisations souterraines d\u2019une longueur de 4 kilom\u00e8tres.<\/p>","protected":false},"excerpt":{"rendered":"<p>\u00abValoriser les d\u00e9chets du territoire\u00bb Infos pratiques Adresse&nbsp;: Lieu-dit les G\u00e2tines 45500 Arrabloy Exploitant&nbsp;: Groupe PAPREC Le centre d\u2019incin\u00e9ration avec valorisation \u00e9nerg\u00e9tique d\u2019Arrabloy r\u00e9ceptionne depuis 1999 les d\u00e9chets m\u00e9nagers r\u00e9siduels des 104 communes adh\u00e9rentes du SYCTOM. La chaleur g\u00e9n\u00e9r\u00e9e par la combustion des d\u00e9chets permet de produire de l\u2019\u00e9lectricit\u00e9 utilis\u00e9e&#8230;<\/p>\n","protected":false},"author":2,"featured_media":0,"parent":0,"menu_order":0,"comment_status":"closed","ping_status":"closed","template":"","meta":{"footnotes":""},"class_list":["post-39","page","type-page","status-publish","hentry"],"_links":{"self":[{"href":"https:\/\/dev.syctom-gien-chateauneuf.fr\/index.php?rest_route=\/wp\/v2\/pages\/39","targetHints":{"allow":["GET"]}}],"collection":[{"href":"https:\/\/dev.syctom-gien-chateauneuf.fr\/index.php?rest_route=\/wp\/v2\/pages"}],"about":[{"href":"https:\/\/dev.syctom-gien-chateauneuf.fr\/index.php?rest_route=\/wp\/v2\/types\/page"}],"author":[{"embeddable":true,"href":"https:\/\/dev.syctom-gien-chateauneuf.fr\/index.php?rest_route=\/wp\/v2\/users\/2"}],"replies":[{"embeddable":true,"href":"https:\/\/dev.syctom-gien-chateauneuf.fr\/index.php?rest_route=%2Fwp%2Fv2%2Fcomments&post=39"}],"version-history":[{"count":40,"href":"https:\/\/dev.syctom-gien-chateauneuf.fr\/index.php?rest_route=\/wp\/v2\/pages\/39\/revisions"}],"predecessor-version":[{"id":1484,"href":"https:\/\/dev.syctom-gien-chateauneuf.fr\/index.php?rest_route=\/wp\/v2\/pages\/39\/revisions\/1484"}],"wp:attachment":[{"href":"https:\/\/dev.syctom-gien-chateauneuf.fr\/index.php?rest_route=%2Fwp%2Fv2%2Fmedia&parent=39"}],"curies":[{"name":"wp","href":"https:\/\/api.w.org\/{rel}","templated":true}]}}